{"id":22,"date":"2016-02-12T08:11:05","date_gmt":"2016-02-12T08:11:05","guid":{"rendered":"http:\/\/demos.famethemes.com\/onepress\/?page_id=22"},"modified":"2023-02-20T20:17:46","modified_gmt":"2023-02-20T19:17:46","slug":"our-vision","status":"publish","type":"page","link":"https:\/\/mexitt.de\/?page_id=22","title":{"rendered":"Unser Antrieb"},"content":{"rendered":"<p>Wir sind Handwerker aus Leidenschaft. Nach getaner Arbeit m\u00f6chten wir stolz sein, auf unsere B\u00f6den, aber auch auf das die strahlenden Gesichter unserer Kunden, wenn sie das erste Mal <strong>auf Qualit\u00e4t stehen<\/strong>!<\/p>\n","protected":false},"excerpt":{"rendered":"<p>Nullam ut tempor eros. Donec faucibus, velit et imperdiet aliquam, lacus velit luctus urna, vitae porttitor orci libero id felis.<\/p>\n","protected":false},"author":2,"featured_media":1362,"parent":0,"menu_order":0,"comment_status":"closed","ping_status":"closed","template":"","meta":{"footnotes":""},"class_list":["post-22","page","type-page","status-publish","has-post-thumbnail","hentry"],"_links":{"self":[{"href":"https:\/\/mexitt.de\/index.php?rest_route=\/wp\/v2\/pages\/22"}],"collection":[{"href":"https:\/\/mexitt.de\/index.php?rest_route=\/wp\/v2\/pages"}],"about":[{"href":"https:\/\/mexitt.de\/index.php?rest_route=\/wp\/v2\/types\/page"}],"author":[{"embeddable":true,"href":"https:\/\/mexitt.de\/index.php?rest_route=\/wp\/v2\/users\/2"}],"replies":[{"embeddable":true,"href":"https:\/\/mexitt.de\/index.php?rest_route=%2Fwp%2Fv2%2Fcomments&post=22"}],"version-history":[{"count":1,"href":"https:\/\/mexitt.de\/index.php?rest_route=\/wp\/v2\/pages\/22\/revisions"}],"predecessor-version":[{"id":1496,"href":"https:\/\/mexitt.de\/index.php?rest_route=\/wp\/v2\/pages\/22\/revisions\/1496"}],"wp:featuredmedia":[{"embeddable":true,"href":"https:\/\/mexitt.de\/index.php?rest_route=\/wp\/v2\/media\/1362"}],"wp:attachment":[{"href":"https:\/\/mexitt.de\/index.php?rest_route=%2Fwp%2Fv2%2Fmedia&parent=22"}],"curies":[{"name":"wp","href":"https:\/\/api.w.org\/{rel}","templated":true}]}}